{"id":235588,"date":"2026-01-12T10:28:01","date_gmt":"2026-01-12T10:28:01","guid":{"rendered":"https:\/\/landskronahem.se\/jantan\/?page_id=235588"},"modified":"2026-01-19T12:43:13","modified_gmt":"2026-01-19T12:43:13","slug":"kvarteret-jantan","status":"publish","type":"page","link":"https:\/\/landskronahem.se\/jantan\/kvarteret-jantan\/","title":{"rendered":"Kvarteret J\u00e4ntan"},"content":{"rendered":"<p>[et_pb_section fb_built=&#8221;1&#8243; _builder_version=&#8221;4.27.5&#8243; _module_preset=&#8221;default&#8221; global_colors_info=&#8221;{}&#8221;][et_pb_row _builder_version=&#8221;4.27.5&#8243; _module_preset=&#8221;default&#8221; width=&#8221;60%&#8221; width_tablet=&#8221;90%&#8221; width_phone=&#8221;90%&#8221; width_last_edited=&#8221;on|desktop&#8221; global_colors_info=&#8221;{}&#8221;][et_pb_column type=&#8221;4_4&#8243; _builder_version=&#8221;4.27.5&#8243; _module_preset=&#8221;default&#8221; global_colors_info=&#8221;{}&#8221;][et_pb_text _builder_version=&#8221;4.27.5&#8243; _module_preset=&#8221;default&#8221; width=&#8221;90%&#8221; width_tablet=&#8221;90%&#8221; width_phone=&#8221;90%&#8221; width_last_edited=&#8221;on|desktop&#8221; module_alignment=&#8221;center&#8221; custom_margin=&#8221;||6vh||false|false&#8221; custom_margin_tablet=&#8221;||2vh||false|false&#8221; custom_margin_phone=&#8221;||2vh||false|false&#8221; custom_margin_last_edited=&#8221;on|desktop&#8221; global_colors_info=&#8221;{}&#8221;]<\/p>\n<h1>J\u00e4ntan \u2013 en plats med mycket att ber\u00e4tta<\/h1>\n<p class=\"intro\">J\u00e4ntan \u00e4r ett sprillans nytt landm\u00e4rke mitt i stadsk\u00e4rnan, d\u00e4r historiens vingslag k\u00e4nns n\u00e4ra. Byggnaden \u00e4r uppf\u00f6rd p\u00e5 samma plats som \u00f6ver f\u00f6rra sekelskiftet huserade stadens l\u00e4roverk f\u00f6r flickor, vilket gett kvarteret sitt namn. Flickskolan \u00e4r dock inte den enda ber\u00e4ttelse som platsen bjuder p\u00e5.<\/p>\n<p>[\/et_pb_text][et_pb_image src=&#8221;https:\/\/landskronahem.se\/jantan\/wp-content\/uploads\/download-3.jpg&#8221; title_text=&#8221;download-3&#8243; _builder_version=&#8221;4.27.5&#8243; _module_preset=&#8221;default&#8221; global_colors_info=&#8221;{}&#8221;][\/et_pb_image][et_pb_text _builder_version=&#8221;4.27.5&#8243; _module_preset=&#8221;default&#8221; width=&#8221;90%&#8221; width_tablet=&#8221;90%&#8221; width_phone=&#8221;90%&#8221; width_last_edited=&#8221;on|desktop&#8221; module_alignment=&#8221;center&#8221; custom_margin=&#8221;6vh||6vh||true|false&#8221; custom_margin_tablet=&#8221;2vh||2vh||true|false&#8221; custom_margin_phone=&#8221;2vh||2vh||true|false&#8221; custom_margin_last_edited=&#8221;on|desktop&#8221; global_colors_info=&#8221;{}&#8221;]<\/p>\n<p>Med byggstart i slutet av 1800-talet uppf\u00f6rdes p\u00e5 platsen en byggnad f\u00f6r Landskrona allm\u00e4nna l\u00e4roverk som senare blev Flickl\u00e4roverk. En av skolans mest ber\u00f6mda l\u00e4rarinnor var Selma Lagerl\u00f6f, som \u00e4ven under en period var bosatt i byggnaden.<\/p>\n<p>Kvarteret finns i Landskronas \u00e4ldre stadsomr\u00e5de och ligger intill det som var \u00f6stra stadsporten, en av v\u00e4garna in genom vallarna som f\u00f6r hundratals \u00e5r sedan skyddade stadsomr\u00e5det.<\/p>\n<p>1984 revs skolbyggnaden och d\u00e4refter fungerade platsen som parkeringsplats. I arbetet med uppf\u00f6randet av de nya byggnaderna som p\u00e5b\u00f6rjades 2021 var respekt f\u00f6r platsen en viktig del i s\u00e5v\u00e4l planeringsarbetet som byggnadsfasen.<\/p>\n<p>Under byggnaden vilar idag historiska skatter i form av bland annat gamla husgrunder, vallgravens stenskoning och vatten\u00adledningar gjorda av gamla tr\u00e4dstammar.<\/p>\n<p>[\/et_pb_text][\/et_pb_column][\/et_pb_row][\/et_pb_section]<\/p>\n","protected":false},"excerpt":{"rendered":"<p>J\u00e4ntan \u2013 en plats med mycket att ber\u00e4tta J\u00e4ntan \u00e4r ett sprillans nytt landm\u00e4rke mitt i stadsk\u00e4rnan, d\u00e4r historiens vingslag k\u00e4nns n\u00e4ra. Byggnaden \u00e4r uppf\u00f6rd p\u00e5 samma plats som \u00f6ver f\u00f6rra sekelskiftet huserade stadens l\u00e4roverk f\u00f6r flickor, vilket gett kvarteret sitt namn. Flickskolan \u00e4r dock inte den enda ber\u00e4ttelse som platsen bjuder p\u00e5.Med byggstart i [&hellip;]<\/p>\n","protected":false},"author":1,"featured_media":0,"parent":0,"menu_order":0,"comment_status":"closed","ping_status":"closed","template":"","meta":{"_et_pb_use_builder":"on","_et_pb_old_content":"<p>[et_pb_section fb_built=\"1\" _builder_version=\"4.27.5\" _module_preset=\"default\" global_colors_info=\"{}\"][et_pb_row _builder_version=\"4.27.5\" _module_preset=\"default\" width=\"60%\" width_tablet=\"90%\" width_phone=\"90%\" width_last_edited=\"on|desktop\" global_colors_info=\"{}\"][et_pb_column type=\"4_4\" _builder_version=\"4.27.5\" _module_preset=\"default\" global_colors_info=\"{}\"][et_pb_text _builder_version=\"4.27.5\" _module_preset=\"default\" width=\"90%\" width_tablet=\"90%\" width_phone=\"90%\" width_last_edited=\"on|desktop\" module_alignment=\"center\" custom_margin=\"||6vh||false|false\" custom_margin_tablet=\"||2vh||false|false\" custom_margin_phone=\"||2vh||false|false\" custom_margin_last_edited=\"on|desktop\" hover_enabled=\"0\" global_colors_info=\"{}\" sticky_enabled=\"0\"]<\/p><h1>Omgivningarna \u2013 n\u00e4ra till det mesta och lite till<\/h1><p class=\"intro\">Som hyresg\u00e4st i J\u00e4ntan bor du mitt i Landskronas stadsk\u00e4rna p\u00e5 adressen R\u00e5dmansgatan 6. Du har h\u00f6g tillg\u00e4nglighet till aff\u00e4rer, service, kollektivtrafik och inte minst stadens n\u00f6jen.<\/p><p>[\/et_pb_text][et_pb_image src=\"https:\/\/landskronahem.se\/jantan\/wp-content\/uploads\/MacBook-Pro-16_-5011.jpg\" title_text=\"MacBook-Pro-16_-5011\" _builder_version=\"4.27.5\" _module_preset=\"default\" hover_enabled=\"0\" global_colors_info=\"{}\" sticky_enabled=\"0\"][\/et_pb_image][et_pb_text _builder_version=\"4.27.5\" _module_preset=\"default\" width=\"90%\" width_tablet=\"90%\" width_phone=\"90%\" width_last_edited=\"on|desktop\" module_alignment=\"center\" custom_margin=\"6vh||6vh||true|false\" custom_margin_tablet=\"2vh||2vh||true|false\" custom_margin_phone=\"2vh||2vh||true|false\" custom_margin_last_edited=\"on|desktop\" hover_enabled=\"0\" global_colors_info=\"{}\" sticky_enabled=\"0\"]<br \/>J\u00e4ntan \u00e4r ett gl\u00e4djefyllt boende med b\u00e5de stadsk\u00e4rnan och den ljuvliga teaterparken endast n\u00e5gra steg utanf\u00f6r din port.<\/p><p>En promenad i n\u00e4romr\u00e5det bjuder p\u00e5 b\u00e5de modern arkitektur och historiska landm\u00e4rken. Som granne mot s\u00f6der f\u00e5r du Landskrona teater, som utn\u00e4mnts till Sveriges vackraste teater och mot norr blir din granne ett gardencenter som ligger i en byggnad som tidigare var gamla flickskolans idrottshall.<\/p><p>Vandra ner l\u00e4ngs med Landskronas g\u00e5gator, kantade av trevliga butiker och restauranger, f\u00f6r att n\u00e5 Kasernplan. D\u00e4r finner du Landskrona museum, utst\u00e4llningshallen Tyghuset samt Exercis\u00adhuset, alla fascinerande byggnader fr\u00e5n Landskronas tid som stark bef\u00e4stningsstad.[\/et_pb_text][et_pb_image src=\"https:\/\/landskronahem.se\/jantan\/wp-content\/uploads\/Omradet_01.jpg\" title_text=\"Omradet_01\" _builder_version=\"4.27.5\" _module_preset=\"default\" hover_enabled=\"0\" global_colors_info=\"{}\" sticky_enabled=\"0\"][\/et_pb_image][et_pb_text _builder_version=\"4.27.5\" _module_preset=\"default\" width=\"90%\" width_tablet=\"90%\" width_phone=\"90%\" width_last_edited=\"on|desktop\" module_alignment=\"center\" custom_margin=\"6vh||6vh||true|false\" custom_margin_tablet=\"2vh||2vh||true|false\" custom_margin_phone=\"2vh||2vh||true|false\" custom_margin_last_edited=\"on|desktop\" hover_enabled=\"0\" global_colors_info=\"{}\" sticky_enabled=\"0\"]G\u00e5r du ytterligare en liten bit genom den lummiga slottsparken n\u00e5r du s\u00e5 sm\u00e5ningom Citadellets koloniomr\u00e5de och Landskronas f\u00e4stning, Citadellet, som byggdes 1549-1559. D\u00e4refter \u00e4r det bara att f\u00f6lja havet f\u00f6r att n\u00e5 stranden, det moderna Hotell \u00d6resund med stor restaurang och spa-avdelning samt Nyhamn Marina, en av Landskronas hela sex hamnar.<\/p><p>Listan p\u00e5 attraktioner du som Landskronabo kan \u00e5tnjuta kan g\u00f6ras l\u00e5ng och inkluderar s\u00e5v\u00e4l rik historia, modern arkitektur, unik shop\u00adping, konstgallerier, vinbarer, gourmetrestauranger, vackra parker, mysiga krogar, n\u00e4rheten till havet och mycket, mycket mer.[\/et_pb_text][\/et_pb_column][\/et_pb_row][\/et_pb_section]<\/p>","_et_gb_content_width":"","footnotes":""},"class_list":["post-235588","page","type-page","status-publish","hentry"],"_links":{"self":[{"href":"https:\/\/landskronahem.se\/jantan\/wp-json\/wp\/v2\/pages\/235588","targetHints":{"allow":["GET"]}}],"collection":[{"href":"https:\/\/landskronahem.se\/jantan\/wp-json\/wp\/v2\/pages"}],"about":[{"href":"https:\/\/landskronahem.se\/jantan\/wp-json\/wp\/v2\/types\/page"}],"author":[{"embeddable":true,"href":"https:\/\/landskronahem.se\/jantan\/wp-json\/wp\/v2\/users\/1"}],"replies":[{"embeddable":true,"href":"https:\/\/landskronahem.se\/jantan\/wp-json\/wp\/v2\/comments?post=235588"}],"version-history":[{"count":1,"href":"https:\/\/landskronahem.se\/jantan\/wp-json\/wp\/v2\/pages\/235588\/revisions"}],"predecessor-version":[{"id":235689,"href":"https:\/\/landskronahem.se\/jantan\/wp-json\/wp\/v2\/pages\/235588\/revisions\/235689"}],"wp:attachment":[{"href":"https:\/\/landskronahem.se\/jantan\/wp-json\/wp\/v2\/media?parent=235588"}],"curies":[{"name":"wp","href":"https:\/\/api.w.org\/{rel}","templated":true}]}}